alculate the remainder when 123 is divided by 46.
31
Calculate the remainder when 107 is divided by 59.
48
What is the remainder when 758 is divided by 128?
118
Calculate the remainder when 810 is divided by 804.
6
Calculate the remainder when 563 is divided by 35.
3
Calculate the remainder when 812 is divided by 19.
14
What is the remainder when 63 is divided by 8?
7
What is the remainder when 396 is divided by 16?
12
What is the remainder when 197 is divided by 102?
95
Calculate the remainder when 233 is divided by 20.
13
What is the remainder when 133 is divided by 27?
25
What is the remainder when 2454 is divided by 27?
24
Calculate the remainder when 907 is divided by 16.
11
What is the remainder when 2494 is divided by 22?
8
What is the remainder when 1023 is divided by 100?
23
Calculate the remainder when 221 is divided by 113.
108
What is the remainder when 1058 is divided by 28?
22
What is the remainder when 4485 is divided by 52?
13
Calculate the remainder when 166 is divided by 22.
12
What is the remainder when 173 is divided by 89?
84
What is the remainder when 1347 is divided by 9?
6
What is the remainder when 106 is divided by 4?
2
Calculate the remainder when 60 is divided by 56.
4
What is the remainder when 1578 is divided by 525?
3
Calculate the remainder when 1001 is divided by 3.
2
What is the remainder when 253 is divided by 129?
124
Calculate the remainder when 2391 is divided by 19.
16
What is the remainder when 204 is divided by 9?
6
Calculate the remainder when 1235 is divided by 59.
55
Calculate the remainder when 473 is divided by 30.
23
What is the remainder when 513 is divided by 1?
0
Calculate the remainder when 164 is divided by 33.
32
What is the remainder when 21711 is divided by 42?
39
What is the remainder when 177 is divided by 90?
87
What is the remainder when 577 is divided by 17?
16
What is the remainder when 91 is divided by 80?
11
What is the remainder when 321 is divided by 138?
45
Calculate the remainder when 213 is divided by 42.
3
What is the remainder when 2239 is divided by 20?
19
What is the remainder when 177 is divided by 46?
39
What is the remainder when 1326 is divided by 440?
6
Calculate the remainder when 9272 is divided by 33.
32
What is the remainder when 4993 is divided by 1648?
49
Calculate the remainder when 90 is divided by 34.
22
Calculate the remainder when 115 is divided by 2.
1
What is the remainder when 179 is divided by 74?
31
Calculate the remainder when 1171 is divided by 242.
203
What is the remainder when 1932 is divided by 87?
18
What is the remainder when 4607 is divided by 66?
53
What is the remainder when 1105 is divided by 275?
5
What is the remainder when 265 is divided by 17?
10
What is the remainder when 1206 is divided by 27?
18
What is the remainder when 397 is divided by 19?
17
Calculate the remainder when 92 is divided by 42.
8
Calculate the remainder when 747 is divided by 150.
147
What is the remainder when 69 is divided by 18?
15
Calculate the remainder when 79 is divided by 27.
25
What is the remainder when 146 is divided by 57?
32
What is the remainder when 92 is divided by 25?
17
What is the remainder when 54 is divided by 38?
16
Calculate the remainder when 212 is divided by 36.
32
What is the remainder when 1877 is divided by 94?
91
Calculate the remainder when 17872 is divided by 65.
62
What is the remainder when 46 is divided by 6?
4
What is the remainder when 34 is divided by 19?
15
What is the remainder when 18 is divided by 6?
0
What is the remainder when 1435 is divided by 389?
268
Calculate the remainder when 167 is divided by 12.
11
Calculate the remainder when 844 is divided by 49.
11
What is the remainder when 594 is divided by 17?
16
What is the remainder when 28 is divided by 5?
3
What is the remainder when 946 is divided by 33?
22
What is the remainder when 506 is divided by 73?
68
What is the remainder when 53 is divided by 36?
17
Calculate the remainder when 126 is divided by 8.
6
What is the remainder when 1434 is divided by 105?
69
Calculate the remainder when 306 is divided by 45.
36
What is the remainder when 4093 is divided by 65?
63
Calculate the remainder when 207 is divided by 18.
9
What is the remainder when 1354 is divided by 139?
103
What is the remainder when 1456 is divided by 2?
0
What is the remainder when 51 is divided by 32?
19
What is the remainder when 166 is divided by 17?
13
Calculate the remainder when 5807 is divided by 18.
11
Calculate the remainder when 466 is divided by 211.
44
What is the remainder when 168 is divided by 105?
63
Calculate the remainder when 99 is divided by 28.
15
What is the remainder when 61 is divided by 18?
7
What is the remainder when 1004 is divided by 19?
16
Calculate the remainder when 202 is divided by 19.
12
What is the remainder when 2104 is divided by 1048?
8
Calculate the remainder when 2566 is divided by 11.
3
Calculate the remainder when 84 is divided by 83.
1
What is the remainder when 476 is divided by 21?
14
What is the remainder when 101 is divided by 34?
33
Calculate the remainder when 1413 is divided by 351.
9
Calculate the remainder when 2911 is divided by 28.
27
What is the remainder when 109 is divided by 14?
11
Calculate the remainder when 1220 is divided by 125.
95
Calculate the remainder when 246 is divided by 31.
29
Calculate the remainder when 115 is divided by 37.
4
What is the remainder when 115 is divided by 37?
4
What is the remainder when 1005 is divided by 345?
315
What is the remainder when 279 is divided by 15?
9
Calculate the remainder when 1517 is divided by 33.
32
Calculate the remainder when 9843 is divided by 107.
106
Calculate the remainder when 4036 is divided by 13.
6
What is the remainder when 4366 is divided by 78?
76
Calculate the remainder when 89 is divided by 23.
20
What is the remainder when 1174 is divided by 3?
1
Calculate the remainder when 47 is divided by 3.
2
What is the remainder when 124 is divided by 22?
14
Calculate the remainder when 40 is divided by 21.
19
What is the remainder when 220 is divided by 7?
3
What is the remainder when 160 is divided by 136?
24
What is the remainder when 559 is divided by 51?
49
What is the remainder when 213 is divided by 195?
18
What is the remainder when 549 is divided by 25?
24
Calculate the remainder when 1065 is divided by 6.
3
Calculate the remainder when 1795 is divided by 200.
195
What is the remainder when 256 is divided by 75?
31
What is the remainder when 174 is divided by 33?
9
What is the remainder when 173 is divided by 44?
41
What is the remainder when 50 is divided by 16?
2
Calculate the remainder when 6585 is divided by 89.
88
What is the remainder when 3259 is divided by 7?
4
Calculate the remainder when 97 is divided by 9.
7
Calculate the remainder when 1070 is divided by 464.
142
Calculate the remainder when 69 is divided by 8.
5
Calculate the remainder when 32 is divided by 9.
5
What is the remainder when 9424 is divided by 53?
43
What is the remainder when 391 is divided by 99?
94
What is the remainder when 288 is divided by 74?
66
What is the remainder when 50 is divided by 27?
23
What is the remainder when 7920 is divided by 29?
3
Calculate the remainder when 178 is divided by 123.
55
Calculate the remainder when 114 is divided by 68.
46
What is the remainder when 362 is divided by 48?
26
What is the remainder when 419 is divided by 35?
34
What is the remainder when 6378 is divided by 30?
18
What is the remainder when 1516 is divided by 102?
88
What is the remainder when 259 is divided by 66?
61
Calculate the remainder when 764 is divided by 32.
28
What is the remainder when 1423 is divided by 156?
19
What is the remainder when 117 is divided by 53?
11
What is the remainder when 472 is divided by 158?
156
Calculate the remainder when 2231 is divided by 124.
123
What is the remainder when 291 is divided by 49?
46
What is the remainder when 1997 is divided by 74?
73
What is the remainder when 872 is divided by 100?
72
Calculate the remainder when 303 is divided by 83.
54
Calculate the remainder when 3198 is divided by 32.
30
What is the remainder when 157 is divided by 34?
21
Calculate the remainder when 39 is divided by 21.
18
Calculate the remainder when 812 is divided by 47.
